 the highest common factor of o and p.
13
Let w(c) = c + 3. Let n be w(-6). Suppose 3*p = -5*h - 5, -2*p = 5*h - 0*p + 5. Let y be (-155)/(-15) - h/n. What is the greatest common factor of y and 15?
5
Let a = 10 + -2. Let s = -4 + a. Suppose s*m = -5*d + 84, 3*d + 35 - 103 = 2*m. Calculate the highest common divisor of 50 and d.
10
Suppose -5*i + 16 = -2*u, -5*u + 2*u = -5*i + 14. Calculate the greatest common factor of 108 and i.
4
Suppose 2*x - 72 - 48 = -5*k, 0 = 2*k + 2*x - 42. What is the highest common factor of 130 and k?
26
Suppose 0 = -11*v + 16*v - 30. Suppose -v*i = -3*i - 186. What is the greatest common divisor of i and 93?
31
Suppose 7*c - 12*c = -805. What is the greatest common divisor of 23 and c?
23
Let r(g) = g**2 + 3*g + 13. Let o be r(-5). Calculate the greatest common factor of o and 184.
23
Let x(g) = 4*g - 3. Suppose -5*k = 4*o - 31, -4*k + 2*o + 2 = -2. Let j be x(k). Let u = 24 + 3. Calculate the highest common divisor of j and u.
9
Let t(h) = -h - 1. Let q be t(6). Let k(m) = -m - 2. Let v be k(q). Suppose 70 = 4*j - 2*j. Calculate the greatest common factor of v and j.
5
Suppose 2*c + 2*c = 0, 3*c + 110 = 5*u. What is the greatest common divisor of 44 and u?
22
Let o(v) = -v + 4. Let i be o(4). Suppose 4*l + 16 = 4*p - 0*l, -5*p - 2*l - 15 = i. Let d = 6 - p. What is the greatest common factor of 77 and d?
7
Let a(k) = -4*k**3 + 3*k**3 - 2*k**2 - 1 - k**2 - 2. Let t be a(-3). Let w(n) = -47*n + 2. Let j be w(t). What is the greatest common factor of j and 13?
13
Suppose 2*r + m = -0*r + 9, -1 = m. Suppose 0*b + r*b = 70. Suppose 0 = -0*d + d - b. What is the highest common factor of 2 and d?
2
Let y(j) = j**3 - 4*j**2 - 2*j - 2. Let t be y(4). Let r = t - -15. Suppose 34 = r*b - 161. What is the highest common divisor of b and 13?
13
Let z(c) = 8*c**2 - 6*c - 6. Let o = 25 - 28. Let v be z(o). Calculate the greatest common factor of 12 and v.
12
Suppose p + 2*p + 40 = 4*r, -4*r + 4*p + 36 = 0. Calculate the highest common factor of r and 65.
13
Let t(m) = -2*m**3 - 6*m**2 - 2*m + 2. Let j be t(-4). What is the greatest common divisor of j and 14?
14
Let y = -55 - -105. What is the greatest common factor of 20 and y?
10
Let l be 15 - (0 - -1)*0. Calculate the highest common factor of 60 and l.
15
Let m(w) = -12*w - 22. Let a(c) = 4*c + 7. Let z(p) = 17*a(p) + 6*m(p). Let v be z(-6). Calculate the greatest common divisor of 1 and v.
1
Suppose 5*q - 24 = -y, -6 = -q - 0*q + y. What is the highest common divisor of q and 25?
5
Suppose 3*r + 0*f - 5*f = 23, 8 = -2*f. Let u = r - -15. Suppose -462 + 142 = -5*d. Calculate the greatest common factor of u and d.
16
Let z(g) = -3 - 7*g - g**2 + 0*g**2 + 2*g**2. Let v be z(8). What is the greatest common factor of v and 2?
1
Let i = 19 - -3. Let j be (-28)/(-13) + 4/(-26). Suppose j*s + 2 = 6. What is the highest common divisor of s and i?
2
Suppose 3*i - 12 = 4*m + 22, -i = 4*m - 38. What is the highest common divisor of i and 63?
9
Suppose -4*r - 2 = -2*x, -16 = -x - 3*x + 4*r. Suppose -i = -85 - x. What is the greatest common factor of 23 and i?
23
Let t(u) = u + 12. Let c be t(10). Calculate the greatest common factor of c and 110.
22
Let l = -1 + 4. Suppose 0*g + 5*o = -l*g + 35, 4*g = o + 85. What is the greatest common factor of g and 30?
10
Let y be (-3)/(9/6) - -13. Suppose -7*h + 4*h + 3 = 0. What is the greatest common divisor of h and y?
1
Let b be -1 + 0 - (-2)/2. Suppose b = 2*r, -3*d + 5 = 5*r + 2. Suppose 3 = u + 5*p - 2, 2*u + p = 10. Calculate the highest common divisor of u and d.
1
Let z(n) = -n - 1. Let w be z(-5). Suppose o + f - 4 = 5*f, -w*o = -5*f - 27. What is the greatest common divisor of o and 8?
8
Let o be 590/12 + (-2)/12. Suppose 3*j = -5*i + 27, -3*i + 45 = 5*j + i. Suppose j = -3*f + 30. What is the greatest common divisor of f and o?
7
Let s(k) = k**3 - 9*k**2 - k - 3. Let q be s(7). Let v be 2/(-4) + q/(-24). What is the highest common divisor of 10 and v?
2
Suppose 0 = -o - o - 4. Suppose 3*h - 1 = 23. Let d = h + o. Calculate the greatest common factor of 18 and d.
6
Let b(z) = 3*z**2 - 2*z**2 - 2 + 4*z + 5 + 0. Let o be b(-3). Suppose 5*l = -2*x + 30, o = 2*x + 3*x. What is the greatest common divisor of 6 and l?
6
Suppose 4*b + 6 = 6*b. Suppose -165 = -5*y - 2*a - 57, -5*y + 107 = b*a. What is the greatest common divisor of y and 44?
22
Let v = 104 + -39. What is the greatest common factor of v and 13?
13
Suppose m = -3*u + 24, u = 3*m - m - 13. Let k be -10 + -1*2 - -1. Let r = k + 20. Calculate the greatest common divisor of m and r.
9
Let a = -5 + -2. Let d = -202 + 81. Let n be d/a - 8/28. What is the greatest common divisor of n and 17?
17
Let l be 68/3 - (-2)/6. What is the greatest common factor of 23 and l?
23
Let w(a) = a + 6. Let b be w(0). Suppose -2*n + 3*x + 3 = -4, 5*n = x - 15. Let i = b + n. What is the greatest common factor of i and 4?
2
Let v(s) = -13*s - 14. Let t be v(-7). Calculate the highest common factor of 11 and t.
11
Suppose 5*i + 195 = 7*z - 4*z, 0 = -4*z + 2*i + 274. Calculate the greatest common divisor of 20 and z.
10
Let d(t) be the third derivative of -7*t**4/24 - t**3/6 + t**2. Let o = -6 + -1. Let m be d(o). Calculate the highest common divisor of m and 12.
12
Let y(i) = i**3 - 4*i**2 - 3*i + 1. Let f be y(6). Let n be (2*18)/((-1)/(-1)). Let u = n + -14. Calculate the highest common divisor of u and f.
11
Suppose 5*j - 15 = 5*r, -3*j + 12 = 4*r - j. Let z = 7 - r. What is the highest common divisor of z and 24?
6
Let g(b) = 4*b + 1. Let k be g(11). Calculate the greatest common factor of k and 15.
15
Let j be (-2)/(-2*2/6). Let v(m) = -3*m - 2 - j*m + m. Let a be v(-4). What is the greatest common divisor of 45 and a?
9
Let x(f) be the first derivative of 2*f**3/3 - 3*f - 2. Let a be x(-3). Let s(o) = 16*o - 3. Let b be s(3). What is the highest common divisor of a and b?
15
Suppose -158 = -5*y - 63. Calculate the greatest common divisor of y and 152.
19
Suppose 15 = -2*o - 1. Let z(w) = w**3 + 8*w**2 + 5. Let u be z(o). What is the highest common factor of 10 and u?
5
Let k be (-2 - 0)/((-4)/18). Calculate the highest common factor of 9 and k.
9
Let l = 18 + -14. Calculate the highest common divisor of l and 1.
1
Let f be (-44)/(-6)*9/6. Let t = -6 - -9. Suppose -15 + 279 = t*j. What is the greatest common factor of j and f?
11
Let g be 4/6*27*1. Calculate the highest common factor of 18 and g.
18
Let a be (-2)/(-3) + (-14)/(-6). Suppose 0*k = -5*k + 3*z + 45, 37 = 2*k - 5*z. Suppose k*t = 34 + 2. Calculate the greatest common divisor of t and a.
3
Let v(t) = -3*t + 4. Let w be v(3). Let q be (3/3)/(1/3). Let z be (-2)/4*(w - q). What is the greatest common divisor of z and 6?
2
Let c be 20/6 + 2/3. Suppose 3*d - 9 = -3*s + 2*d, 5*d + 12 = 4*s. Let n be 50/s - c/6. Calculate the greatest common factor of 8 and n.
8
Suppose -3*j + 2*y = -3*y - 8, -j - 4*y = -31. Let t be (-2)/(2*2/(-22)). Calculate the greatest common factor of j and t.
11
Let n be ((-10)/(-4))/((-5)/30). Let g be n/(-2)*4/6. Let b be (1/1)/(2/70). What is the highest common divisor of g and b?
5
Suppose 21 - 303 = -6*g. Suppose 13 + g = 3*c. Calculate the highest common divisor of 5 and c.
5
Suppose 1165 = 18*h - 491. Suppose -r = r - 46. Calculate the greatest common factor of h and r.
23
Suppose -3*y - y + 8 = 0. Let a(b) = 3 + b**y + 1 + 4*b - b. Let o be a(-6). What is the greatest common factor of o and 88?
22
Suppose i - 96 = -2*i. Let h be ((-72)/i)/(2/8). Let y(p) = 3*p**2 + 12*p - 9. Let o be y(h). What is the greatest common divisor of 14 and o?
14
Suppose 0 = -4*l - 2*o + 110, 4*l + 4*o + 80 = 6*l. Let a(p) = 4*p**2 - 4*p - 5. Let c be a(5). What is the greatest common factor of l and c?
15
Suppose 0 = -0*s + s - 3*t - 132, 3*t - 624 = -5*s. Calculate the greatest common divisor of 14 and s.
14
Let y be (-1)/6 - (-200)/48. Suppose -l = -5*l - y*h + 60, 5*l - 2*h = 75. What is the greatest common factor of l and 15?
15
Let s(l) = 1 - 2 + 3 + 3*l - 5*l. Let b be s(-4). Calculate the highest common factor of b and 4.
2
Suppose 3*k - 25 = 4*k. Let o be (48/(-15))/(1/k). What is the highest common factor of o and 20?
20
Let f = 22 + -10. Let u be (43/4 - -1) + (-3)/(-12). Calculate the greatest common divisor of u and f.
1